{"id":1020,"date":"2025-02-18T16:41:08","date_gmt":"2025-02-18T19:41:08","guid":{"rendered":"https:\/\/mascoweb.com.ar\/tienda\/?post_type=product&#038;p=1020"},"modified":"2025-12-22T09:59:03","modified_gmt":"2025-12-22T12:59:03","slug":"duncan-cachorros-x-20-kg","status":"publish","type":"product","link":"https:\/\/mascoweb.com.ar\/tienda\/producto\/duncan-cachorros-x-20-kg\/","title":{"rendered":"Duncan Cachorros x 20 kg"},"content":{"rendered":"<h5 class=\"mb-4\">Duncan Alimento Premium Cachorros x 20 kg<\/h5>\n<div class=\"user-content font-small mb-4\">\n<p><strong>SISTEMA INMUNOL\u00d3GICO:<\/strong>\u00a0Duncan tiene prote\u00ednasde alto valor biol\u00f3gico que ayudan a manteneraltas las defensas del cachorro.<\/p>\n<p><strong>DIENTES SANOS Y FUERTES:\u00a0<\/strong>\u00f3ptimo balance de calcio y f\u00f3sforo que ayudan a fortalecer los dientes.<\/p>\n<p><strong>SABOR IRRESISTIBLE:\u00a0<\/strong>gracias a la calidad denuestras materias primas.<\/p>\n<p>DUNCAN Ha sido desarrollado en base a la experiencia de m\u00e1s de treinta a\u00f1os en alimentaci\u00f3n animal, brind\u00e1ndole a tu mascota una cuidada selecci\u00f3n de materias primas e ingredientes para lograr una eficiente nutrici\u00f3n.<br \/>\nEs el resultado de exhaustivos estudios realizados en caniles y laboratorios dando como resultado un alimento que cumple con los requerimientos necesarios para lograr una excelente nutrici\u00f3n y un \u00f3ptimo desarrollo en el crecimiento de tus mascotas.<\/p>\n<p>La selecci\u00f3n de un alimento adecuado para tu mascota es muy importante para garantizar su crecimiento, desarrollo y salud. Con esta opci\u00f3n de Duncan podr\u00e1s cubrir las necesidades nutricionales y energ\u00e9ticas de tu perro.<\/p>\n<p><strong>28% de prote\u00ednas- Indicado para perros cachorros menores de 12 meses- Contiene 20kg<\/strong><\/p>\n<\/div>\n","protected":false},"excerpt":{"rendered":"<h5 class=\"mb-4\">Duncan Alimento Premium Cachorros x 20 kg<\/h5>\n<div class=\"user-content font-small mb-4\">\n<p><strong>SISTEMA INMUNOL\u00d3GICO:<\/strong>\u00a0Duncan tiene prote\u00ednasde alto valor biol\u00f3gico que ayudan a manteneraltas las defensas del cachorro.<\/p>\n<p><strong>DIENTES SANOS Y FUERTES:\u00a0<\/strong>\u00f3ptimo balance de calcio y f\u00f3sforo que ayudan a fortalecer los dientes.<\/p>\n<p><strong>SABOR IRRESISTIBLE:\u00a0<\/strong>gracias a la calidad denuestras materias primas.<\/p>\n<p>DUNCAN Ha sido desarrollado en base a la experiencia de m\u00e1s de treinta a\u00f1os en alimentaci\u00f3n animal, brind\u00e1ndole a tu mascota una cuidada selecci\u00f3n de materias primas e ingredientes para lograr una eficiente nutrici\u00f3n.<br \/>\nEs el resultado de exhaustivos estudios realizados en caniles y laboratorios dando como resultado un alimento que cumple con los requerimientos necesarios para lograr una excelente nutrici\u00f3n y un \u00f3ptimo desarrollo en el crecimiento de tus mascotas.<\/p>\n<p>La selecci\u00f3n de un alimento adecuado para tu mascota es muy importante para garantizar su crecimiento, desarrollo y salud. Con esta opci\u00f3n de Duncan podr\u00e1s cubrir las necesidades nutricionales y energ\u00e9ticas de tu perro.<\/p>\n<p><strong>28% de prote\u00ednas- Indicado para perros cachorros menores de 12 meses- Contiene 20kg<\/strong><\/p>\n<\/div>\n","protected":false},"featured_media":1021,"template":"","meta":{"_gspb_post_css":"","_joinchat":[]},"product_brand":[71],"product_cat":[29,138],"product_tag":[41,33,64],"class_list":{"0":"post-1020","1":"product","2":"type-product","3":"status-publish","4":"has-post-thumbnail","6":"product_brand-duncan","7":"product_cat-alimentoparaperros","8":"product_cat-perroscachorros","9":"product_tag-20kg","10":"product_tag-cachorros","11":"product_tag-premium","13":"first","14":"instock","15":"purchasable","16":"product-type-simple"},"jetpack_sharing_enabled":true,"_links":{"self":[{"href":"https:\/\/mascoweb.com.ar\/tienda\/wp-json\/wp\/v2\/product\/1020","targetHints":{"allow":["GET"]}}],"collection":[{"href":"https:\/\/mascoweb.com.ar\/tienda\/wp-json\/wp\/v2\/product"}],"about":[{"href":"https:\/\/mascoweb.com.ar\/tienda\/wp-json\/wp\/v2\/types\/product"}],"wp:featuredmedia":[{"embeddable":true,"href":"https:\/\/mascoweb.com.ar\/tienda\/wp-json\/wp\/v2\/media\/1021"}],"wp:attachment":[{"href":"https:\/\/mascoweb.com.ar\/tienda\/wp-json\/wp\/v2\/media?parent=1020"}],"wp:term":[{"taxonomy":"product_brand","embeddable":true,"href":"https:\/\/mascoweb.com.ar\/tienda\/wp-json\/wp\/v2\/product_brand?post=1020"},{"taxonomy":"product_cat","embeddable":true,"href":"https:\/\/mascoweb.com.ar\/tienda\/wp-json\/wp\/v2\/product_cat?post=1020"},{"taxonomy":"product_tag","embeddable":true,"href":"https:\/\/mascoweb.com.ar\/tienda\/wp-json\/wp\/v2\/product_tag?post=1020"}],"curies":[{"name":"wp","href":"https:\/\/api.w.org\/{rel}","templated":true}]}}