{"id":1098,"date":"2025-02-20T09:28:16","date_gmt":"2025-02-20T12:28:16","guid":{"rendered":"https:\/\/mascoweb.com.ar\/tienda\/?post_type=product&#038;p=1098"},"modified":"2026-04-20T10:22:13","modified_gmt":"2026-04-20T13:22:13","slug":"walt-can-adulto-x-20-kg","status":"publish","type":"product","link":"https:\/\/mascoweb.com.ar\/tienda\/producto\/walt-can-adulto-x-20-kg\/","title":{"rendered":"Walt Can Adulto x 20 kg"},"content":{"rendered":"<h5 class=\"h3 mb-3 fw-bold\">Walt-Can Adulto Alimento Premium x 20 Kg.<\/h5>\n<p class=\"mb-3\">No existe nada mas tranquilizante que encontrar la soluci\u00f3n a la alimentaci\u00f3n de nuestros amigos de cuatro patas, y gracias a Walt-Can Adulto esto es posible. Walt-Can Adulto est\u00e1 elaborado con ingredientes minuciosamente escogidos, seleccionados de los mejores proveedores disponibles por sus elevados aportes nutricionales, y la gran digestibilidad de los mismos. Walt-Can Adulto permite que tu perro est\u00e9 siempre en condiciones f\u00edsicas optimas, con el pelo brillante, dientes sanos, y preparado para cumplir los desaf\u00edos que se le presentan en el transcurso de su vida.<\/p>\n<h5>26% de prote\u00ednas.<\/h5>\n","protected":false},"excerpt":{"rendered":"<h5 class=\"h3 mb-3 fw-bold\">Walt-Can Adulto Alimento Premium x 20 Kg.<\/h5>\n<p class=\"mb-3\">No existe nada mas tranquilizante que encontrar la soluci\u00f3n a la alimentaci\u00f3n de nuestros amigos de cuatro patas, y gracias a Walt-Can Adulto esto es posible. Walt-Can Adulto est\u00e1 elaborado con ingredientes minuciosamente escogidos, seleccionados de los mejores proveedores disponibles por sus elevados aportes nutricionales, y la gran digestibilidad de los mismos. Walt-Can Adulto permite que tu perro est\u00e9 siempre en condiciones f\u00edsicas optimas, con el pelo brillante, dientes sanos, y preparado para cumplir los desaf\u00edos que se le presentan en el transcurso de su vida.<\/p>\n<h5>26% de prote\u00ednas.<\/h5>\n","protected":false},"featured_media":1099,"template":"","meta":{"_gspb_post_css":"","_joinchat":[]},"product_brand":[93],"product_cat":[137,29],"product_tag":[41,32,64],"class_list":{"0":"post-1098","1":"product","2":"type-product","3":"status-publish","4":"has-post-thumbnail","6":"product_brand-walt-can","7":"product_cat-perrosadultos","8":"product_cat-alimentoparaperros","9":"product_tag-20kg","10":"product_tag-adultos","11":"product_tag-premium","13":"first","14":"instock","15":"purchasable","16":"product-type-simple"},"jetpack_sharing_enabled":true,"_links":{"self":[{"href":"https:\/\/mascoweb.com.ar\/tienda\/wp-json\/wp\/v2\/product\/1098","targetHints":{"allow":["GET"]}}],"collection":[{"href":"https:\/\/mascoweb.com.ar\/tienda\/wp-json\/wp\/v2\/product"}],"about":[{"href":"https:\/\/mascoweb.com.ar\/tienda\/wp-json\/wp\/v2\/types\/product"}],"wp:featuredmedia":[{"embeddable":true,"href":"https:\/\/mascoweb.com.ar\/tienda\/wp-json\/wp\/v2\/media\/1099"}],"wp:attachment":[{"href":"https:\/\/mascoweb.com.ar\/tienda\/wp-json\/wp\/v2\/media?parent=1098"}],"wp:term":[{"taxonomy":"product_brand","embeddable":true,"href":"https:\/\/mascoweb.com.ar\/tienda\/wp-json\/wp\/v2\/product_brand?post=1098"},{"taxonomy":"product_cat","embeddable":true,"href":"https:\/\/mascoweb.com.ar\/tienda\/wp-json\/wp\/v2\/product_cat?post=1098"},{"taxonomy":"product_tag","embeddable":true,"href":"https:\/\/mascoweb.com.ar\/tienda\/wp-json\/wp\/v2\/product_tag?post=1098"}],"curies":[{"name":"wp","href":"https:\/\/api.w.org\/{rel}","templated":true}]}}