{"id":1160,"date":"2025-02-23T14:24:13","date_gmt":"2025-02-23T17:24:13","guid":{"rendered":"https:\/\/mascoweb.com.ar\/tienda\/?post_type=product&#038;p=1160"},"modified":"2026-04-20T16:25:38","modified_gmt":"2026-04-20T19:25:38","slug":"royal-canin-mini-puppy-x3kg","status":"publish","type":"product","link":"https:\/\/mascoweb.com.ar\/tienda\/producto\/royal-canin-mini-puppy-x3kg\/","title":{"rendered":"Royal Canin Mini Puppy x 3 kg"},"content":{"rendered":"<p><strong>Refuerzo del sistema inmunol\u00f3gico<\/strong><br \/>\nMientras crece, su cachorro experimenta grandes cambios y nuevos descubrimientos. Durante este periodo clave, el sistema inmunol\u00f3gico del cachorro sigue desarroll\u00e1ndose gradualmente. Mini Puppy ayuda a reforzar las defensas naturales de su cachorro gracias a un exclusivo complejo de antioxidantes, incluyendo vitamina E.<\/p>\n<p><strong>Salud digestiva<\/strong><br \/>\nFormulado con prote\u00ednas de alta calidad (L.I.P.*) y prebi\u00f3ticos (FOS) para ayudar a favorecer la salud digestiva y el equilibrio de la flora intestinal, contribuyendo as\u00ed a la buena calidad de las heces.<\/p>\n<p><strong>Alto contenido de energ\u00eda<\/strong><br \/>\nCubre las necesidades energ\u00e9ticas de los cachorros de razas peque\u00f1as durante el per\u00edodo de crecimiento y satisface su apetito caprichoso.<\/p>\n","protected":false},"excerpt":{"rendered":"<div class=\"sc-gEvEer fmTtUN\" data-qa=\"product-description\">\n<div class=\"ShowMoreLess-module_wrapper__o7OmT ShowMoreLess-module_clamped__MOcCz\">\n<p>Alimento para perros cachorros de talla peque\u00f1a (peso adulto menor a 10 kg). Desde los 2 hasta los 10 meses de edad.<\/p>\n<\/div>\n<\/div>\n<div class=\"sc-koXPp cLgjcc\" data-qa=\"existing-formats\">\n<div class=\"sc-esYiGF bzHMvG\">\n<div class=\"ShowMoreLess-module_wrapper__o7OmT ShowMoreLess-module_clamped__MOcCz\">\n<p><strong>Royal Canin Mini Puppy<\/strong> ayuda a reforzar las defensas naturales del cachorro y a favorecer la salud digestiva y el equilibrio de la flora intestinal, aporta un alto contenido energ\u00e9tico y satisface apetitos caprichosos.<\/p>\n<\/div>\n<\/div>\n<\/div>\n","protected":false},"featured_media":1166,"template":"","meta":{"_gspb_post_css":"","_joinchat":[]},"product_brand":[98],"product_cat":[29,23,138,140],"product_tag":[49,33,34,63],"class_list":{"0":"post-1160","1":"product","2":"type-product","3":"status-publish","4":"has-post-thumbnail","6":"product_brand-royal-canin","7":"product_cat-alimentoparaperros","8":"product_cat-alimentosbalanceados","9":"product_cat-perroscachorros","10":"product_cat-mordidapequenia","11":"product_tag-3kg","12":"product_tag-cachorros","13":"product_tag-mordida-pequena","14":"product_tag-superpremium","16":"first","17":"instock","18":"purchasable","19":"product-type-simple"},"jetpack_sharing_enabled":true,"_links":{"self":[{"href":"https:\/\/mascoweb.com.ar\/tienda\/wp-json\/wp\/v2\/product\/1160","targetHints":{"allow":["GET"]}}],"collection":[{"href":"https:\/\/mascoweb.com.ar\/tienda\/wp-json\/wp\/v2\/product"}],"about":[{"href":"https:\/\/mascoweb.com.ar\/tienda\/wp-json\/wp\/v2\/types\/product"}],"wp:featuredmedia":[{"embeddable":true,"href":"https:\/\/mascoweb.com.ar\/tienda\/wp-json\/wp\/v2\/media\/1166"}],"wp:attachment":[{"href":"https:\/\/mascoweb.com.ar\/tienda\/wp-json\/wp\/v2\/media?parent=1160"}],"wp:term":[{"taxonomy":"product_brand","embeddable":true,"href":"https:\/\/mascoweb.com.ar\/tienda\/wp-json\/wp\/v2\/product_brand?post=1160"},{"taxonomy":"product_cat","embeddable":true,"href":"https:\/\/mascoweb.com.ar\/tienda\/wp-json\/wp\/v2\/product_cat?post=1160"},{"taxonomy":"product_tag","embeddable":true,"href":"https:\/\/mascoweb.com.ar\/tienda\/wp-json\/wp\/v2\/product_tag?post=1160"}],"curies":[{"name":"wp","href":"https:\/\/api.w.org\/{rel}","templated":true}]}}