{"id":1415,"date":"2025-03-01T17:35:24","date_gmt":"2025-03-01T20:35:24","guid":{"rendered":"https:\/\/mascoweb.com.ar\/tienda\/?post_type=product&#038;p=1415"},"modified":"2026-05-04T12:07:01","modified_gmt":"2026-05-04T15:07:01","slug":"dog-selection-premium-perro-adulto-21kg","status":"publish","type":"product","link":"https:\/\/mascoweb.com.ar\/tienda\/producto\/dog-selection-premium-perro-adulto-21kg\/","title":{"rendered":"Dog Selection Premium Perros Adultos x 21 kg"},"content":{"rendered":"<div class=\"has_eae_slider elementor-element elementor-element-19f6792 e-con-full e-flex e-con e-child\" data-id=\"19f6792\" data-element_type=\"container\">\n<div class=\"has_eae_slider elementor-element elementor-element-71aca71 e-con-full e-flex e-con e-child\" data-id=\"71aca71\" data-element_type=\"container\">\n<div class=\"elementor-element elementor-element-8bf01d0 elementor-widget elementor-widget-heading\" data-id=\"8bf01d0\" data-element_type=\"widget\" data-widget_type=\"heading.default\">\n<div class=\"elementor-widget-container\">\n<h5>Dog Selection Premium Perros Adultos x 21 kg<\/h5>\n<p>Alimento Premium para perros adultos de razas medianas y grandes.<\/p>\n<p><strong>26% de prote\u00ednas<\/strong> de alta calidad.<\/p>\n<p class=\"elementor-heading-title elementor-size-default\">Protecci\u00f3n natural<\/p>\n<\/div>\n<\/div>\n<div class=\"elementor-element elementor-element-1a4c71b elementor-widget elementor-widget-text-editor\" data-id=\"1a4c71b\" data-element_type=\"widget\" data-widget_type=\"text-editor.default\">\n<div class=\"elementor-widget-container\">Los manano-oligosac\u00e1ridos (MOS) en conjunto con antioxidantes como la vitamina REFUERZAN EL SISTEMA INMUNITARIO protegi\u00e9ndolo de agentes infecciosos.<\/div>\n<\/div>\n<\/div>\n<div class=\"elementor-element elementor-element-481cf83 elementor-widget elementor-widget-image\" data-id=\"481cf83\" data-element_type=\"widget\" data-widget_type=\"image.default\">\n<div class=\"elementor-widget-container\"><\/div>\n<\/div>\n<\/div>\n<div class=\"has_eae_slider elementor-element elementor-element-cfbbdd3 e-con-full e-flex e-con e-child\" data-id=\"cfbbdd3\" data-element_type=\"container\">\n<div class=\"elementor-element elementor-element-c942dc9 elementor-widget elementor-widget-heading\" data-id=\"c942dc9\" data-element_type=\"widget\" data-widget_type=\"heading.default\">\n<div class=\"elementor-widget-container\">\n<p class=\"elementor-heading-title elementor-size-default\">Ingredientes:<\/p>\n<\/div>\n<\/div>\n<div class=\"elementor-element elementor-element-58bee4b elementor-widget elementor-widget-text-editor\" data-id=\"58bee4b\" data-element_type=\"widget\" data-widget_type=\"text-editor.default\">\n<div class=\"elementor-widget-container\">Harina de carne y hueso de cerdo y\/o v\u00edsceras de pollo, gluten de ma\u00edz, arroz integral, aceite de pollo y\/o vacuno, hidrolizado de v\u00edsceras de cerdo y\/o pollo, levadura de cerveza, probi\u00f3ticos (Saccharomyces cerevisiae, Enterococcus faecium, Lactobacillus plantarum, Bacillus subtilis), extracto de Cynara scolymus, zanahoria deshidratada, aceite desodorizado de pescado, pulpa de remolacha, extracto de Yucca Schidigera, manano-oligosac\u00e1ridos, L-\u00e1cido glut\u00e1mico, L-Glutamina, arginina, niacina, carnitina, pirofosfato \u00e1cido de sodio, \u00e1cido c\u00edtrico, cloruro de sodio, \u00e1cido propi\u00f3nico, extracto de romero, tocoferoles, betacaroteno, vitaminas A, C, D3, E, K, B1, B2, B6, B12, \u00e1cido f\u00f3lico, pantotenato de calcio, biotina, colina, minerales: zinc, hierro, manganeso, cobre, yodo, selenio.<\/div>\n<div><\/div>\n<div>\n<div class=\"elementor-element elementor-element-a3d081f elementor-widget elementor-widget-shortcode\" data-id=\"a3d081f\" data-element_type=\"widget\" data-widget_type=\"shortcode.default\">\n<div class=\"elementor-widget-container\">\n<div class=\"elementor-shortcode\">\n<table class=\"analisis nutricional\">\n<tbody>\n<tr>\n<td>Prote\u00edna<\/td>\n<td>M\u00edn.<\/td>\n<td>26%<\/td>\n<\/tr>\n<tr>\n<td><\/td>\n<td><\/td>\n<td><\/td>\n<\/tr>\n<tr>\n<td>Grasa<\/td>\n<td>M\u00edn.<\/td>\n<td>12%<\/td>\n<\/tr>\n<tr>\n<td><\/td>\n<td><\/td>\n<td><\/td>\n<\/tr>\n<tr>\n<td>Fibra cruda<\/td>\n<td>M\u00e1x.<\/td>\n<td>4,5%<\/td>\n<\/tr>\n<tr>\n<td><\/td>\n<td><\/td>\n<td><\/td>\n<\/tr>\n<tr>\n<td>Minerales totales<\/td>\n<td>M\u00e1x.<\/td>\n<td>9%<\/td>\n<\/tr>\n<tr>\n<td><\/td>\n<td><\/td>\n<td><\/td>\n<\/tr>\n<tr>\n<td>Humedad<\/td>\n<td>M\u00e1x.<\/td>\n<td>12%<\/td>\n<\/tr>\n<tr>\n<td><\/td>\n<td><\/td>\n<td><\/td>\n<\/tr>\n<tr>\n<td>Calcio<\/td>\n<td>M\u00edn.<\/td>\n<td>1%<\/td>\n<\/tr>\n<tr>\n<td><\/td>\n<td>M\u00e1x.<\/td>\n<td>2%<\/td>\n<\/tr>\n<tr>\n<td>F\u00f3sforo<\/td>\n<td>M\u00edn.<\/td>\n<td>0,5%<\/td>\n<\/tr>\n<tr>\n<td><\/td>\n<td>M\u00e1x.<\/td>\n<td>1,2%<\/td>\n<\/tr>\n<tr>\n<td>Energ\u00eda metab\u00f3lica<\/td>\n<td>M\u00edn.<\/td>\n<td>3645 kcal\/ kg M.S.<\/td>\n<\/tr>\n<tr>\n<td><\/td>\n<td><\/td>\n<td><\/td>\n<\/tr>\n<\/tbody>\n<\/table>\n<\/div>\n<\/div>\n<\/div>\n<\/div>\n<div><\/div>\n<\/div>\n<\/div>\n","protected":false},"excerpt":{"rendered":"<div class=\"elementor-element elementor-element-8bf01d0 elementor-widget elementor-widget-heading\" data-id=\"8bf01d0\" data-element_type=\"widget\" data-widget_type=\"heading.default\">\n<div class=\"elementor-widget-container\">\n<h5>Dog Selection Premium Perros Adultos x 21 kg<\/h5>\n<p>Alimento Premium para perros adultos de razas medianas y grandes.<\/p>\n<p><strong>26% de prote\u00ednas<\/strong> de alta calidad.<\/p>\n<p class=\"elementor-heading-title elementor-size-default\">Protecci\u00f3n natural<\/p>\n<\/div>\n<\/div>\n<div class=\"elementor-element elementor-element-1a4c71b elementor-widget elementor-widget-text-editor\" data-id=\"1a4c71b\" data-element_type=\"widget\" data-widget_type=\"text-editor.default\">\n<div class=\"elementor-widget-container\">Los manano-oligosac\u00e1ridos (MOS) en conjunto con antioxidantes como la vitamina REFUERZAN EL SISTEMA INMUNITARIO protegi\u00e9ndolo de agentes infecciosos.<\/div>\n<\/div>\n","protected":false},"featured_media":2361,"template":"","meta":{"_gspb_post_css":"","_joinchat":[]},"product_brand":[106],"product_cat":[137,29,23],"product_tag":[40,32,64],"class_list":{"0":"post-1415","1":"product","2":"type-product","3":"status-publish","4":"has-post-thumbnail","6":"product_brand-dog-selection","7":"product_cat-perrosadultos","8":"product_cat-alimentoparaperros","9":"product_cat-alimentosbalanceados","10":"product_tag-21kg","11":"product_tag-adultos","12":"product_tag-premium","14":"first","15":"instock","16":"shipping-taxable","17":"purchasable","18":"product-type-simple"},"jetpack_sharing_enabled":true,"_links":{"self":[{"href":"https:\/\/mascoweb.com.ar\/tienda\/wp-json\/wp\/v2\/product\/1415","targetHints":{"allow":["GET"]}}],"collection":[{"href":"https:\/\/mascoweb.com.ar\/tienda\/wp-json\/wp\/v2\/product"}],"about":[{"href":"https:\/\/mascoweb.com.ar\/tienda\/wp-json\/wp\/v2\/types\/product"}],"wp:featuredmedia":[{"embeddable":true,"href":"https:\/\/mascoweb.com.ar\/tienda\/wp-json\/wp\/v2\/media\/2361"}],"wp:attachment":[{"href":"https:\/\/mascoweb.com.ar\/tienda\/wp-json\/wp\/v2\/media?parent=1415"}],"wp:term":[{"taxonomy":"product_brand","embeddable":true,"href":"https:\/\/mascoweb.com.ar\/tienda\/wp-json\/wp\/v2\/product_brand?post=1415"},{"taxonomy":"product_cat","embeddable":true,"href":"https:\/\/mascoweb.com.ar\/tienda\/wp-json\/wp\/v2\/product_cat?post=1415"},{"taxonomy":"product_tag","embeddable":true,"href":"https:\/\/mascoweb.com.ar\/tienda\/wp-json\/wp\/v2\/product_tag?post=1415"}],"curies":[{"name":"wp","href":"https:\/\/api.w.org\/{rel}","templated":true}]}}