{"id":1418,"date":"2025-03-01T17:49:49","date_gmt":"2025-03-01T20:49:49","guid":{"rendered":"https:\/\/mascoweb.com.ar\/tienda\/?post_type=product&#038;p=1418"},"modified":"2026-05-04T12:30:46","modified_gmt":"2026-05-04T15:30:46","slug":"pacha-mix-perro-adulto-carne-y-pollo-x-22kg","status":"publish","type":"product","link":"https:\/\/mascoweb.com.ar\/tienda\/producto\/pacha-mix-perro-adulto-carne-y-pollo-x-22kg\/","title":{"rendered":"Pacha Mix Perro Adulto Carne y Pollo x 22+2 kg"},"content":{"rendered":"<p>Ma\u00edz, salvado de trigo,prote\u00ednas de soja, sorgo harinas de carne y hueso, harina de v\u00edceras, trigo arroz, salvado de girasol, gluten de ma\u00edz, cloruro de sodio, aceite de pollo; saborizante: hidrilozado de viceras de pollo y cerdo, colorante rojo punceau, amarillo tartrazina, carbonato de calcio, antif\u00fangico:\u00e1cido propionico, premezcla vitaminica-mineral. antioxidantes BHT, BHA, TBHQ, antioxidantes naturales. vitaminas A,E, K, B1, B2, B6, B12,\u00e1cido f\u00f3lico, pantotenato de calcio, biotina, colina, metionina.<br \/>\nMinerales:zinc, hierro, cobre, yodo, magnesio.<\/p>\n","protected":false},"excerpt":{"rendered":"<p>Alimento seco y balanceado sabor carne y pollo para perros adultos desde los 12 meses de edad en adelante. Debido a sus ingredientes integrados con prote\u00ednas, fibra, minerales, calcio y f\u00f3sforo, contribuye a mantener sus articulaciones sanas y fuertes.<\/p>\n","protected":false},"featured_media":1411,"template":"","meta":{"_gspb_post_css":"","_joinchat":[]},"product_brand":[107],"product_cat":[137,29,23,62],"product_tag":[38,32,66],"class_list":{"0":"post-1418","1":"product","2":"type-product","3":"status-publish","4":"has-post-thumbnail","6":"product_brand-pacha","7":"product_cat-perrosadultos","8":"product_cat-alimentoparaperros","9":"product_cat-alimentosbalanceados","10":"product_cat-kilos-de-regalo","11":"product_tag-24kg","12":"product_tag-adultos","13":"product_tag-lineamediaeconomica","15":"first","16":"instock","17":"sale","18":"shipping-taxable","19":"purchasable","20":"product-type-simple"},"jetpack_sharing_enabled":true,"_links":{"self":[{"href":"https:\/\/mascoweb.com.ar\/tienda\/wp-json\/wp\/v2\/product\/1418","targetHints":{"allow":["GET"]}}],"collection":[{"href":"https:\/\/mascoweb.com.ar\/tienda\/wp-json\/wp\/v2\/product"}],"about":[{"href":"https:\/\/mascoweb.com.ar\/tienda\/wp-json\/wp\/v2\/types\/product"}],"wp:featuredmedia":[{"embeddable":true,"href":"https:\/\/mascoweb.com.ar\/tienda\/wp-json\/wp\/v2\/media\/1411"}],"wp:attachment":[{"href":"https:\/\/mascoweb.com.ar\/tienda\/wp-json\/wp\/v2\/media?parent=1418"}],"wp:term":[{"taxonomy":"product_brand","embeddable":true,"href":"https:\/\/mascoweb.com.ar\/tienda\/wp-json\/wp\/v2\/product_brand?post=1418"},{"taxonomy":"product_cat","embeddable":true,"href":"https:\/\/mascoweb.com.ar\/tienda\/wp-json\/wp\/v2\/product_cat?post=1418"},{"taxonomy":"product_tag","embeddable":true,"href":"https:\/\/mascoweb.com.ar\/tienda\/wp-json\/wp\/v2\/product_tag?post=1418"}],"curies":[{"name":"wp","href":"https:\/\/api.w.org\/{rel}","templated":true}]}}