{"id":1915,"date":"2025-03-09T15:40:15","date_gmt":"2025-03-09T18:40:15","guid":{"rendered":"https:\/\/mascoweb.com.ar\/tienda\/?post_type=product&#038;p=1915"},"modified":"2026-04-20T16:51:27","modified_gmt":"2026-04-20T19:51:27","slug":"pedigree-adultos-x-21-kg","status":"publish","type":"product","link":"https:\/\/mascoweb.com.ar\/tienda\/producto\/pedigree-adultos-x-21-kg\/","title":{"rendered":"Pedigree Adultos x 21 kg"},"content":{"rendered":"<h5>Pedigree Adultos Sabor Carne, Pollo y Cereales x 21 kg<\/h5>\n<div class=\"proDetGuideItem\">\n<div class=\"container-fluid acInner\">\n<div class=\"row\">\n<div class=\"text\">\n<p>En PEDIGREE\u00ae creemos que todos los perros merecen un hogar lleno de amor. Ellos alimentan lo mejor de nosotros y queremos alimentar lo mejor de ellos, por eso trabajamos duro por darle a cada uno de ellos una nutrici\u00f3n completa, balanceada y de calidad.\u200bPEDIGREE\u00ae alimento seco es elaborado bajo estrictos est\u00e1ndares de calidad y basado en el conocimiento cient\u00edfico de WALTHAM\u00ae, una autoridad l\u00edder en nutrici\u00f3n animal. Las recetas de PEDIGREE\u00ae ayudan a su sistema inmune gracias a su contenido de antioxidantes, vitamina E y Selenio. Adem\u00e1s, est\u00e1n hechas con Omega 6 que ayudan a una piel y pelo saludables, as\u00ed como con fibras y prote\u00edna de alta calidad que ayudan a una \u00f3ptima digesti\u00f3n y heces firmes f\u00e1ciles de recoger.\u200b<\/p>\n<\/div>\n<p>Ayuda su sistema inmunol\u00f3gico gracias a su contenido de antioxidantes, vitamina E y Selenio<\/p>\n<p>24 vitaminas y minerales para una nutrici\u00f3n completa y balanceada.<\/p>\n<p>Prote\u00ednas de alta calidad<\/p>\n<p>Vegetales y granos selecto<\/p>\n<p>\u00d3ptima digesti\u00f3n<\/p>\n<p><strong>INGREDIENTES:<\/strong><\/p>\n<div class=\"row\">\n<div class=\"col-12 col\">\n<div class=\"text\">Ma\u00edz y\/o Trigo y\/o Arroz y\/o Cebada y\/o Sorgo, Harina de Carne y Hueso Bovino, Harina de Subproductos de Pollo, Harina de Soja y\/o Harina de Carne y Hueso de Cerdo, Salvado de Trigo, Hidrolizado de Menudencias de Pollo y\/o Cerdo y\/o Bovino, Sebo Bovino, Gluten de Ma\u00edz, Cloruro de Potasio, Colina, Cloruro de Sodio, Metionina, Colorantes (Caramelo), Antioxidantes (BHA, BHT), Amino\u00e1cido (Tript\u00f3fano). Vitamina E, D3, Niacina, \u00c1cido Pantot\u00e9nico, B2, B1, A, B6, \u00c1cido F\u00f3lico, B16 \u00d3xido de Zinc, Cobre Trib\u00e1sico, Iodato de Calcio, Selenito de Sodio.<\/div>\n<div><\/div>\n<div class=\"text\">INFORMACI\u00d3N NUTRIMENTAL<\/div>\n<\/div>\n<\/div>\n<div class=\"container-fluid acInner\">\n<div class=\"row\">\n<div class=\"col-12 col\">\n<table>\n<tbody>\n<tr>\n<td>Prote\u00edna Cruda (M\u00edn.)<\/td>\n<td>21,00%<\/td>\n<\/tr>\n<tr>\n<td>Fibra Cruda (M\u00e1x.)<\/td>\n<td>4,00%<\/td>\n<\/tr>\n<tr>\n<td>F\u00f3sforo (M\u00edn.-M\u00e1x.)<\/td>\n<td>0.9 &#8211; 1.4%<\/td>\n<\/tr>\n<tr>\n<td>Calcio (M\u00edn.-M\u00e1x.)<\/td>\n<td>1.0 &#8211; 2.2%<\/td>\n<\/tr>\n<tr>\n<td>Humedad (M\u00e1x.)<\/td>\n<td>12,00%<\/td>\n<\/tr>\n<tr>\n<td>Valeur \u00c9nerg\u00e9tique<\/td>\n<td>3500Kcal\/Kg<\/td>\n<\/tr>\n<\/tbody>\n<\/table>\n<\/div>\n<\/div>\n<\/div>\n<\/div>\n<\/div>\n<\/div>\n","protected":false},"excerpt":{"rendered":"<h5>Pedigree Adultos Sabor Carne, Pollo y Cereales x 21 kg<\/h5>\n<div class=\"proDetGuideItem\">\n<div class=\"container-fluid acInner\">\n<div class=\"row\">\n<div class=\"text\">\n<p>En PEDIGREE\u00ae creemos que todos los perros merecen un hogar lleno de amor. Ellos alimentan lo mejor de nosotros y queremos alimentar lo mejor de ellos, por eso trabajamos duro por darle a cada uno de ellos una nutrici\u00f3n completa, balanceada y de calidad.\u200bPEDIGREE\u00ae alimento seco es elaborado bajo estrictos est\u00e1ndares de calidad y basado en el conocimiento cient\u00edfico de WALTHAM\u00ae, una autoridad l\u00edder en nutrici\u00f3n animal. Las recetas de PEDIGREE\u00ae ayudan a su sistema inmune gracias a su contenido de antioxidantes, vitamina E y Selenio. Adem\u00e1s, est\u00e1n hechas con Omega 6 que ayudan a una piel y pelo saludables, as\u00ed como con fibras y prote\u00edna de alta calidad que ayudan a una \u00f3ptima digesti\u00f3n y heces firmes f\u00e1ciles de recoger.\u200b<\/p>\n<\/div>\n<\/div>\n<\/div>\n<\/div>\n","protected":false},"featured_media":1916,"template":"","meta":{"_gspb_post_css":"","_joinchat":[]},"product_brand":[130],"product_cat":[137,29],"product_tag":[40,32,65],"class_list":{"0":"post-1915","1":"product","2":"type-product","3":"status-publish","4":"has-post-thumbnail","6":"product_brand-pedigree","7":"product_cat-perrosadultos","8":"product_cat-alimentoparaperros","9":"product_tag-21kg","10":"product_tag-adultos","11":"product_tag-lineamedia","13":"first","14":"instock","15":"shipping-taxable","16":"purchasable","17":"product-type-simple"},"jetpack_sharing_enabled":true,"_links":{"self":[{"href":"https:\/\/mascoweb.com.ar\/tienda\/wp-json\/wp\/v2\/product\/1915","targetHints":{"allow":["GET"]}}],"collection":[{"href":"https:\/\/mascoweb.com.ar\/tienda\/wp-json\/wp\/v2\/product"}],"about":[{"href":"https:\/\/mascoweb.com.ar\/tienda\/wp-json\/wp\/v2\/types\/product"}],"wp:featuredmedia":[{"embeddable":true,"href":"https:\/\/mascoweb.com.ar\/tienda\/wp-json\/wp\/v2\/media\/1916"}],"wp:attachment":[{"href":"https:\/\/mascoweb.com.ar\/tienda\/wp-json\/wp\/v2\/media?parent=1915"}],"wp:term":[{"taxonomy":"product_brand","embeddable":true,"href":"https:\/\/mascoweb.com.ar\/tienda\/wp-json\/wp\/v2\/product_brand?post=1915"},{"taxonomy":"product_cat","embeddable":true,"href":"https:\/\/mascoweb.com.ar\/tienda\/wp-json\/wp\/v2\/product_cat?post=1915"},{"taxonomy":"product_tag","embeddable":true,"href":"https:\/\/mascoweb.com.ar\/tienda\/wp-json\/wp\/v2\/product_tag?post=1915"}],"curies":[{"name":"wp","href":"https:\/\/api.w.org\/{rel}","templated":true}]}}