{"id":2337,"date":"2025-03-26T10:31:52","date_gmt":"2025-03-26T13:31:52","guid":{"rendered":"https:\/\/mascoweb.com.ar\/tienda\/?post_type=product&#038;p=2337"},"modified":"2026-04-21T09:32:05","modified_gmt":"2026-04-21T12:32:05","slug":"yenu-perros-light-x-10-kg","status":"publish","type":"product","link":"https:\/\/mascoweb.com.ar\/tienda\/producto\/yenu-perros-light-x-10-kg\/","title":{"rendered":"Yen\u00fa Perros Light x 10 kg"},"content":{"rendered":"<h5>Yen\u00fa Perros Reducido en Calor\u00edas x 10 kg<\/h5>\n<p>Yen\u00fa reducido en calor\u00edas es un alimento prescripto para<br \/>\nla reducci\u00f3n de peso indicado y controlado por tu<br \/>\nm\u00e9dico veterinario hasta lograr el peso ideal, dicha<br \/>\nreducci\u00f3n est\u00e1 estipulada entre el 1% y el 3 % semanal.<\/p>\n<p>Un refuerzo en el tenor de prote\u00ednas colabora con la<br \/>\nobtenci\u00f3n de un peso \u00f3ptimo, a la vez que<br \/>\nfavorece el mantenimiento de la masa muscular.<\/p>\n<p>La incorporaci\u00f3n de un elevado porcentaje de fibras<br \/>\naportadas por salvado de ma\u00edz, salvado de trigo y<br \/>\nfibra de avena, estimulan los mecanismos de<br \/>\nsaciedad, reduciendo la densidad cal\u00f3rica del<br \/>\nalimento y manteniendo la funcionalidad normal de<br \/>\ntracto gastrointestinal. Esto tambi\u00e9n se logra con el<br \/>\naporte de fibras solubles provenientes de los<br \/>\ngranos de Psyllium.<\/p>\n<p>La L-carnitina que contiene Yen\u00fa Reducido en<br \/>\nCalor\u00edas, estimula la movilizaci\u00f3n de las reservas<br \/>\ngrasas, contribuyendo a reducir su almacenamiento.<\/p>\n","protected":false},"excerpt":{"rendered":"<h5>Yen\u00fa Perros Reducido en Calor\u00edas x 10 kg<\/h5>\n<p>Yen\u00fa reducido en calor\u00edas es un alimento prescripto para<br \/>\nla reducci\u00f3n de peso indicado y controlado por tu<br \/>\nm\u00e9dico veterinario hasta lograr el peso ideal, dicha<br \/>\nreducci\u00f3n est\u00e1 estipulada entre el 1% y el 3 % semanal.<\/p>\n","protected":false},"featured_media":2347,"template":"","meta":{"_gspb_post_css":"","_joinchat":[]},"product_brand":[70],"product_cat":[137,29,141],"product_tag":[46,32,36,64],"class_list":{"0":"post-2337","1":"product","2":"type-product","3":"status-publish","4":"has-post-thumbnail","6":"product_brand-yenu","7":"product_cat-perrosadultos","8":"product_cat-alimentoparaperros","9":"product_cat-perroslight","10":"product_tag-10kg","11":"product_tag-adultos","12":"product_tag-light","13":"product_tag-premium","15":"first","16":"outofstock","17":"shipping-taxable","18":"purchasable","19":"product-type-simple"},"jetpack_sharing_enabled":true,"_links":{"self":[{"href":"https:\/\/mascoweb.com.ar\/tienda\/wp-json\/wp\/v2\/product\/2337","targetHints":{"allow":["GET"]}}],"collection":[{"href":"https:\/\/mascoweb.com.ar\/tienda\/wp-json\/wp\/v2\/product"}],"about":[{"href":"https:\/\/mascoweb.com.ar\/tienda\/wp-json\/wp\/v2\/types\/product"}],"wp:featuredmedia":[{"embeddable":true,"href":"https:\/\/mascoweb.com.ar\/tienda\/wp-json\/wp\/v2\/media\/2347"}],"wp:attachment":[{"href":"https:\/\/mascoweb.com.ar\/tienda\/wp-json\/wp\/v2\/media?parent=2337"}],"wp:term":[{"taxonomy":"product_brand","embeddable":true,"href":"https:\/\/mascoweb.com.ar\/tienda\/wp-json\/wp\/v2\/product_brand?post=2337"},{"taxonomy":"product_cat","embeddable":true,"href":"https:\/\/mascoweb.com.ar\/tienda\/wp-json\/wp\/v2\/product_cat?post=2337"},{"taxonomy":"product_tag","embeddable":true,"href":"https:\/\/mascoweb.com.ar\/tienda\/wp-json\/wp\/v2\/product_tag?post=2337"}],"curies":[{"name":"wp","href":"https:\/\/api.w.org\/{rel}","templated":true}]}}