{"id":2771,"date":"2025-07-03T11:36:35","date_gmt":"2025-07-03T14:36:35","guid":{"rendered":"https:\/\/mascoweb.com.ar\/tienda\/?post_type=product&#038;p=2771"},"modified":"2026-05-11T22:31:12","modified_gmt":"2026-05-12T01:31:12","slug":"7-vidas-gatos-adultos-salmon-x-10-kg","status":"publish","type":"product","link":"https:\/\/mascoweb.com.ar\/tienda\/producto\/7-vidas-gatos-adultos-salmon-x-10-kg\/","title":{"rendered":"7 Vidas Gatos Adultos Salm\u00f3n x 10 kg"},"content":{"rendered":"<p style=\"font-weight: 400;text-align: left\"><strong>Beneficios:<\/strong><\/p>\n<p style=\"font-weight: 400\">&#8211; Omega 3 y 6: ayudan a mantener un pelaje saludable<\/p>\n<p style=\"font-weight: 400\">&#8211; Taurina: contribuye a la salud del coraz\u00f3n y la visi\u00f3n<\/p>\n<p style=\"font-weight: 400\">&#8211; Fibras naturales: colaboran con el control de las bolas de pelo.<\/p>\n<p style=\"font-weight: 400\">&#8211; Protecci\u00f3n urinaria: pH \u00f3ptimo que ayuda a evitar la formaci\u00f3n de c\u00e1lculos urinarios<\/p>\n<p style=\"font-weight: 400\">Tiene un sabor delicioso y posee todos los nutrientes para que su alimentaci\u00f3n sea completa y balanceada.<\/p>\n<p style=\"font-weight: 400\">\u00a0<strong>Contenido nutricional:<\/strong><\/p>\n<table style=\"font-weight: 400\">\n<tbody>\n<tr>\n<td>Prote\u00edna bruta\/cruda (min.)<\/td>\n<td>30%<\/td>\n<\/tr>\n<tr>\n<td>Extracto et\u00e9reo\/grasa cruda (min.)<\/td>\n<td>9%<\/td>\n<\/tr>\n<tr>\n<td>Fibra cruda (max.)<\/td>\n<td>3%<\/td>\n<\/tr>\n<tr>\n<td>Minerales totales (max.)<\/td>\n<td>8%<\/td>\n<\/tr>\n<tr>\n<td>Humedad (max.)<\/td>\n<td>12%<\/td>\n<\/tr>\n<tr>\n<td>Calcio (min.\/max.)<\/td>\n<td>1,3% \/ 1,5%<\/td>\n<\/tr>\n<tr>\n<td>F\u00f3sforo (min.\/max.)<\/td>\n<td>1% \/ 1,2%<\/td>\n<\/tr>\n<\/tbody>\n<\/table>\n<p style=\"font-weight: 400\"><strong>Ingredientes<\/strong>: Ma\u00edz, harina de pescado, harina de subproductos de pollo, arroz, harina de soja, saborizante natural: hidrolizado de menudencias porcinas y aviares, aceite de pollo, pulpa de remolacha, aceite de pescado, antioxidantes (BHA\/BHT), bisulfato de sodio, colina, L-lisina, cloruro de sodio, propionato de amonio (antif\u00fangico), fosfato monodic\u00e1lcico, taurina, DL-metionina, carbonato de calcio, \u00f3xido de zinc, \u00f3xido manganoso, sulfato de hierro, nicotinamida, vitamina K3, vitamina E, vitamina B1, \u00f3xido de cobre, biotina, vitamina A, vitamina B6, pantotenato de calcio, vitamina B2, vitamina D3, vitamina B12, \u00e1cido f\u00f3lico, iodato de calcio, selenito de sodio<\/p>\n","protected":false},"excerpt":{"rendered":"<h5>7 Vidas Gatos Adultos Salm\u00f3n x 10 kg<\/h5>\n<p>Los gatos son altamente selectivos a la hora de comer. 7 vidas Salm\u00f3n tiene un sabor delicioso y posee todos los nutrientes para que su alimentaci\u00f3n sea completa y balanceada. Gracias a las croquetas Parti-Crock, tu gato disfrutar\u00e1 de cada comida, aprovechando los beneficios de una exclusiva combinaci\u00f3n de ingredientes que lo ayudar\u00e1 a mantenerse fuerte y saludable. Especialmente formulado para gatos adultos, a partir del a\u00f1o de edad.<\/p>\n<h4><strong>Beneficios:<\/strong><\/h4>\n<div class=\"wpb_column vc_column_container vc_col-sm-4\">\n<div class=\"vc_column-inner\">\n<div class=\"wpb_wrapper\">\n<div class=\"vc_row wpb_row vc_inner vc_row-fluid\">\n<div class=\"wpb_column vc_column_container vc_col-sm-9\">\n<div class=\"vc_column-inner\">\n<div class=\"wpb_wrapper\">\n<div class=\"wpb_text_column wpb_content_element prod-txt-beneficios\">\n<div class=\"wpb_wrapper\">\n<h5>Omega 3 y 6<\/h5>\n<p>Ayudan a mantener un pelaje saludable<\/p>\n<\/div>\n<\/div>\n<\/div>\n<\/div>\n<\/div>\n<\/div>\n<\/div>\n<\/div>\n<\/div>\n<div class=\"wpb_column vc_column_container vc_col-sm-4\">\n<div class=\"vc_column-inner\">\n<div class=\"wpb_wrapper\">\n<div class=\"vc_row wpb_row vc_inner vc_row-fluid\">\n<div class=\"wpb_column vc_column_container vc_col-sm-9\">\n<div class=\"vc_column-inner\">\n<div class=\"wpb_wrapper\">\n<div class=\"wpb_text_column wpb_content_element prod-txt-beneficios\">\n<div class=\"wpb_wrapper\">\n<h5><strong>Taurina<\/strong><\/h5>\n<p>Contribuye a la salud del coraz\u00f3n y la visi\u00f3n.<\/p>\n<\/div>\n<h5 class=\"wpb_wrapper\">Fibras naturales<\/h5>\n<p class=\"wpb_wrapper\">Colaboran con el control de las bolas de pelo.<\/p>\n<\/div>\n<\/div>\n<\/div>\n<\/div>\n<\/div>\n<\/div>\n<\/div>\n<\/div>\n<div class=\"last-col wpb_column vc_column_container vc_col-sm-4\">\n<div class=\"vc_column-inner\">\n<div class=\"wpb_wrapper\">\n<div class=\"vc_row wpb_row vc_inner vc_row-fluid\">\n<div class=\"wpb_column vc_column_container vc_col-sm-9\">\n<div class=\"vc_column-inner\">\n<div class=\"wpb_wrapper\">\n<div class=\"wpb_text_column wpb_content_element prod-txt-beneficios\">\n<h5 class=\"wpb_wrapper\">Croqueta Parti-crock<\/h5>\n<\/div>\n<\/div>\n<\/div>\n<\/div>\n<\/div>\n<\/div>\n<\/div>\n<\/div>\n<div class=\"vc_row wpb_row vc_row-fluid row-beneficios-adicional\">\n<div class=\"vc_column-inner\">\n<div class=\"wpb_wrapper\">\n<div class=\"vc_row wpb_row vc_inner vc_row-fluid\">\n<div class=\"wpb_column vc_column_container vc_col-sm-9\">\n<div class=\"vc_column-inner\">\n<div class=\"wpb_wrapper\">\n<div class=\"wpb_text_column wpb_content_element prod-txt-beneficios\">\n<div class=\"wpb_wrapper\">Mayor disfrute.<\/div>\n<div><\/div>\n<h5 class=\"wpb_wrapper\"><strong>Protecci\u00f3n urinaria<\/strong><\/h5>\n<p class=\"wpb_wrapper\">pH \u00f3ptimo que ayuda a evitar la formaci\u00f3n de c\u00e1lculos urinarios.<\/p>\n<\/div>\n<\/div>\n<\/div>\n<\/div>\n<\/div>\n<\/div>\n<\/div>\n<\/div>\n","protected":false},"featured_media":2772,"template":"","meta":{"_gspb_post_css":"","_joinchat":[]},"product_brand":[159],"product_cat":[144,146],"product_tag":[46,32,53,64],"class_list":{"0":"post-2771","1":"product","2":"type-product","3":"status-publish","4":"has-post-thumbnail","6":"product_brand-7-vidas","7":"product_cat-gatosadultos","8":"product_cat-lightcastrados","9":"product_tag-10kg","10":"product_tag-adultos","11":"product_tag-castrados","12":"product_tag-premium","14":"first","15":"instock","16":"shipping-taxable","17":"purchasable","18":"product-type-simple"},"jetpack_sharing_enabled":true,"_links":{"self":[{"href":"https:\/\/mascoweb.com.ar\/tienda\/wp-json\/wp\/v2\/product\/2771","targetHints":{"allow":["GET"]}}],"collection":[{"href":"https:\/\/mascoweb.com.ar\/tienda\/wp-json\/wp\/v2\/product"}],"about":[{"href":"https:\/\/mascoweb.com.ar\/tienda\/wp-json\/wp\/v2\/types\/product"}],"wp:featuredmedia":[{"embeddable":true,"href":"https:\/\/mascoweb.com.ar\/tienda\/wp-json\/wp\/v2\/media\/2772"}],"wp:attachment":[{"href":"https:\/\/mascoweb.com.ar\/tienda\/wp-json\/wp\/v2\/media?parent=2771"}],"wp:term":[{"taxonomy":"product_brand","embeddable":true,"href":"https:\/\/mascoweb.com.ar\/tienda\/wp-json\/wp\/v2\/product_brand?post=2771"},{"taxonomy":"product_cat","embeddable":true,"href":"https:\/\/mascoweb.com.ar\/tienda\/wp-json\/wp\/v2\/product_cat?post=2771"},{"taxonomy":"product_tag","embeddable":true,"href":"https:\/\/mascoweb.com.ar\/tienda\/wp-json\/wp\/v2\/product_tag?post=2771"}],"curies":[{"name":"wp","href":"https:\/\/api.w.org\/{rel}","templated":true}]}}