{"id":2861,"date":"2025-08-21T09:36:46","date_gmt":"2025-08-21T12:36:46","guid":{"rendered":"https:\/\/mascoweb.com.ar\/tienda\/?post_type=product&#038;p=2861"},"modified":"2025-08-21T09:55:47","modified_gmt":"2025-08-21T12:55:47","slug":"rascador-divan-con-catnip","status":"publish","type":"product","link":"https:\/\/mascoweb.com.ar\/tienda\/producto\/rascador-divan-con-catnip\/","title":{"rendered":"Rascador Div\u00e1n con Catnip"},"content":{"rendered":"<p>Rascador Div\u00e1n con Catnip<\/p>\n<p>Exclusivo rascador para gatos.<br \/>\nElaborado con cart\u00f3n corrugado muy resistente, ofrece a su gato una superficie ideal donde afilarse las u\u00f1as.<\/p>\n<p>Gracias a su dise\u00f1o exclusivo, quedar\u00e1 fant\u00e1stico en cualquier lugar de su casa.<br \/>\nLos gatos necesitan ara\u00f1ar por instinto.<\/p>\n<p>\u00c9sto les ayuda a afilar sus u\u00f1as, eliminar las capas muertas de sus garras, estirar y flexionar sus cuerpos.<br \/>\nAdem\u00e1s, ayuda a proteger los muebles de los ara\u00f1azos.<br \/>\n\u00a1Incluye hierba para gatos!<\/p>\n<p>(el dise\u00f1o puede variar)<\/p>\n","protected":false},"excerpt":{"rendered":"<p>Rascador Div\u00e1n con Catnip<\/p>\n<p>Exclusivo rascador para gatos.<br \/>\nElaborado con cart\u00f3n corrugado muy resistente, ofrece a su gato una superficie ideal donde afilarse las u\u00f1as.<\/p>\n<p>Incluye hierba para gatos!<\/p>\n","protected":false},"featured_media":2863,"template":"","meta":{"_gspb_post_css":"","_joinchat":[]},"product_brand":[],"product_cat":[15],"product_tag":[],"class_list":{"0":"post-2861","1":"product","2":"type-product","3":"status-publish","4":"has-post-thumbnail","6":"product_cat-sin-categorizar","8":"first","9":"instock","10":"shipping-taxable","11":"purchasable","12":"product-type-simple"},"jetpack_sharing_enabled":true,"_links":{"self":[{"href":"https:\/\/mascoweb.com.ar\/tienda\/wp-json\/wp\/v2\/product\/2861","targetHints":{"allow":["GET"]}}],"collection":[{"href":"https:\/\/mascoweb.com.ar\/tienda\/wp-json\/wp\/v2\/product"}],"about":[{"href":"https:\/\/mascoweb.com.ar\/tienda\/wp-json\/wp\/v2\/types\/product"}],"wp:featuredmedia":[{"embeddable":true,"href":"https:\/\/mascoweb.com.ar\/tienda\/wp-json\/wp\/v2\/media\/2863"}],"wp:attachment":[{"href":"https:\/\/mascoweb.com.ar\/tienda\/wp-json\/wp\/v2\/media?parent=2861"}],"wp:term":[{"taxonomy":"product_brand","embeddable":true,"href":"https:\/\/mascoweb.com.ar\/tienda\/wp-json\/wp\/v2\/product_brand?post=2861"},{"taxonomy":"product_cat","embeddable":true,"href":"https:\/\/mascoweb.com.ar\/tienda\/wp-json\/wp\/v2\/product_cat?post=2861"},{"taxonomy":"product_tag","embeddable":true,"href":"https:\/\/mascoweb.com.ar\/tienda\/wp-json\/wp\/v2\/product_tag?post=2861"}],"curies":[{"name":"wp","href":"https:\/\/api.w.org\/{rel}","templated":true}]}}