{"id":2985,"date":"2025-11-03T15:47:35","date_gmt":"2025-11-03T18:47:35","guid":{"rendered":"https:\/\/mascoweb.com.ar\/tienda\/?post_type=product&#038;p=2985"},"modified":"2026-05-11T10:44:15","modified_gmt":"2026-05-11T13:44:15","slug":"old-prince-equilibrium-adultos-medianos-y-grandes-x-203-kg","status":"publish","type":"product","link":"https:\/\/mascoweb.com.ar\/tienda\/producto\/old-prince-equilibrium-adultos-medianos-y-grandes-x-203-kg\/","title":{"rendered":"Old Prince Equilibrium Adultos Medianos y Grandes x 20+3 kg"},"content":{"rendered":"<h5>Old Prince Equilibrium Adultos Medianos y Grandes x 20+3 kg<\/h5>\n<p>Harina de pollo, arroz, gluten de ma\u00edz, germen de ma\u00edz desgrasado, aceite de pollo , aceite de pescado (fuente de omega), hidrolizado de menudencias porcinas y aviares, pulpa de remolacha (fuente de fructo-oligosac\u00e1ridos \u2013 FOS), fibra insoluble (celulosa), levadura de cerveza, zeolita, extracto de yucca schidigera, manano-oli-gosac\u00e1ridos \u2013 MOS, dipropionato de calcio, \u00e1cido propi\u00f3nico, pirofosfato \u00e1cido de sodio, glucosamina, condroitin sulfato, metionina, antioxidantes naturales: extracto de romero, \u00e1cido c\u00edtrico, vitamina C, betacaroteno, licopeno, lute\u00edna, polifenoles, vitaminas: A, D3, E, K, B1, B2, B6, B12, \u00e1cido f\u00f3lico, \u00e1cido nicot\u00ednico, pantotenato de calcio, biotina, colina, minerales: zinc, hierro, cobre, manganeso, yodo, selenio<\/p>\n","protected":false},"excerpt":{"rendered":"<h5>Old Prince Equilibrium Adultos Medianos y Grandes x 20+3 kg<\/h5>\n<p>Old Prince Adulto Equilibrium es un alimento s\u00faper premium para perros desde los 12 meses hasta 5 a\u00f1os. La incorporaci\u00f3n de antioxidantes naturales retarda la acci\u00f3n oxidativa reduciendo los efectos del envejecimiento. Los \u00e1cidos grasos contribuyen con la salud de la piel y el pelo. Ayuda a formar heces firmes y disminuye el mal olor. Tambi\u00e9n mantiene las articulaciones y los huesos sanos y fuertes.<\/p>\n","protected":false},"featured_media":2988,"template":"","meta":{"_gspb_post_css":"","_joinchat":[]},"product_brand":[112],"product_cat":[137,29,62,61],"product_tag":[39,32,64],"class_list":{"0":"post-2985","1":"product","2":"type-product","3":"status-publish","4":"has-post-thumbnail","6":"product_brand-old-prince","7":"product_cat-perrosadultos","8":"product_cat-alimentoparaperros","9":"product_cat-kilos-de-regalo","10":"product_cat-promociones","11":"product_tag-23kg","12":"product_tag-adultos","13":"product_tag-premium","15":"first","16":"instock","17":"shipping-taxable","18":"purchasable","19":"product-type-simple"},"jetpack_sharing_enabled":true,"_links":{"self":[{"href":"https:\/\/mascoweb.com.ar\/tienda\/wp-json\/wp\/v2\/product\/2985","targetHints":{"allow":["GET"]}}],"collection":[{"href":"https:\/\/mascoweb.com.ar\/tienda\/wp-json\/wp\/v2\/product"}],"about":[{"href":"https:\/\/mascoweb.com.ar\/tienda\/wp-json\/wp\/v2\/types\/product"}],"wp:featuredmedia":[{"embeddable":true,"href":"https:\/\/mascoweb.com.ar\/tienda\/wp-json\/wp\/v2\/media\/2988"}],"wp:attachment":[{"href":"https:\/\/mascoweb.com.ar\/tienda\/wp-json\/wp\/v2\/media?parent=2985"}],"wp:term":[{"taxonomy":"product_brand","embeddable":true,"href":"https:\/\/mascoweb.com.ar\/tienda\/wp-json\/wp\/v2\/product_brand?post=2985"},{"taxonomy":"product_cat","embeddable":true,"href":"https:\/\/mascoweb.com.ar\/tienda\/wp-json\/wp\/v2\/product_cat?post=2985"},{"taxonomy":"product_tag","embeddable":true,"href":"https:\/\/mascoweb.com.ar\/tienda\/wp-json\/wp\/v2\/product_tag?post=2985"}],"curies":[{"name":"wp","href":"https:\/\/api.w.org\/{rel}","templated":true}]}}